{"id":4007,"date":"2025-04-01T11:46:54","date_gmt":"2025-04-01T11:46:54","guid":{"rendered":"https:\/\/kameleonszepseg.hu\/?page_id=4007"},"modified":"2025-05-18T13:23:43","modified_gmt":"2025-05-18T13:23:43","slug":"kujbuseva-fodraszmester","status":"publish","type":"page","link":"https:\/\/kameleonszepseg.hu\/index.php\/kujbuseva-fodraszmester\/","title":{"rendered":"Kujbus \u00c9va &#8211; Fodr\u00e1szmester"},"content":{"rendered":"\t\t<div data-elementor-type=\"wp-page\" data-elementor-id=\"4007\" class=\"elementor elementor-4007\">\n\t\t\t\t\t\t<section class=\"elementor-section elementor-top-section elementor-element elementor-element-03cac8c elementor-section-full_width elementor-section-height-default elementor-section-height-default\" data-id=\"03cac8c\" data-element_type=\"section\">\n\t\t\t\t\t\t<div class=\"elementor-container elementor-column-gap-no\">\n\t\t\t\t\t<div class=\"elementor-column elementor-col-100 elementor-top-column elementor-element elementor-element-433a4ac\" data-id=\"433a4ac\" data-element_type=\"column\">\n\t\t\t<div class=\"elementor-widget-wrap elementor-element-populated\">\n\t\t\t\t\t\t<section class=\"elementor-section elementor-inner-section elementor-element elementor-element-5e2e63f elementor-section-boxed elementor-section-height-default elementor-section-height-default\" data-id=\"5e2e63f\" data-element_type=\"section\">\n\t\t\t\t\t\t<div class=\"elementor-container elementor-column-gap-no\">\n\t\t\t\t\t<div class=\"elementor-column elementor-col-50 elementor-inner-column elementor-element elementor-element-fdaef9e page-single service-single\" data-id=\"fdaef9e\" data-element_type=\"column\">\n\t\t\t<div class=\"elementor-widget-wrap elementor-element-populated\">\n\t\t\t\t\t\t<div class=\"elementor-element elementor-element-988cdbc elementor-widget elementor-widget-rasmimage\" data-id=\"988cdbc\" data-element_type=\"widget\" data-widget_type=\"rasmimage.default\">\n\t\t\t\t<div class=\"elementor-widget-container\">\n\t\t\t\t\t<div class=\"custom_css_handelar page-img\" data-bg-src=\"https:\/\/kameleonszepseg.hu\/wp-content\/uploads\/2025\/04\/kameleonheader4.jpg\"><img decoding=\"async\" class=\"\" src=\"https:\/\/kameleonszepseg.hu\/wp-content\/uploads\/2025\/04\/kameleonheader4.jpg\" alt=\"kameleonheader4\" ><\/div>\t\t\t\t<\/div>\n\t\t\t\t<\/div>\n\t\t\t\t<div class=\"elementor-element elementor-element-31d9c55 elementor-widget elementor-widget-text-editor\" data-id=\"31d9c55\" data-element_type=\"widget\" data-widget_type=\"text-editor.default\">\n\t\t\t\t<div class=\"elementor-widget-container\">\n\t\t\t\t\t\t\t\t\t<h2><strong>Kujbus \u00c9va \u2013 Fodr\u00e1szmester<\/strong><\/h2><p class=\"\" data-start=\"163\" data-end=\"535\">1974-ben sz\u00fclettem, \u00e9s a fodr\u00e1szat ir\u00e1nti elhivatotts\u00e1gomat m\u00e1r fiatalon felfedeztem. 1992-ben, az \u00e9retts\u00e9gi vizsg\u00e1m ut\u00e1n kezdtem el tanulni a szakm\u00e1t, amelynek alapjait Nagy Bertalann\u00e9 <strong>Aranykoszor\u00fas<\/strong> Fodr\u00e1szmester mellett saj\u00e1t\u00edtottam el. <strong>2007-ben mestervizsg\u00e1t tettem<\/strong>, \u00e9s az\u00f3ta is folyamatosan fejlesztem tud\u00e1somat, hogy vend\u00e9geim mindig a legjobb szolg\u00e1ltat\u00e1st kapj\u00e1k.<\/p><p class=\"\" data-start=\"537\" data-end=\"828\"><strong>2004 \u00f3ta<\/strong> a Kam\u00e9leon Sz\u00e9ps\u00e9gsziget csapat\u00e1t er\u0151s\u00edtem, ahol minden koroszt\u00e1ly sz\u00e1m\u00e1ra \u00f6r\u00f6mmel k\u00e9sz\u00edtek frizur\u00e1t. Anyak\u00e9nt k\u00f6nnyen megtal\u00e1lom a k\u00f6z\u00f6s hangot a legkisebb vend\u00e9geimmel is, ugyanakkor nagy \u00f6r\u00f6m sz\u00e1momra az is, amikor id\u0151sebb vend\u00e9geim elhivatotts\u00e1ggal \u00e9s \u00f6r\u00f6mmel sz\u00e9p\u00fclnek n\u00e1lam.<\/p><p class=\"\" data-start=\"830\" data-end=\"911\"><strong>C\u00e9lom, hogy mindenki el\u00e9gedetten, magabiztosan \u00e9s meg\u00fajulva t\u00e1vozzon a szalonb\u00f3l.<\/strong><\/p><h3>Kiemelt aj\u00e1nlataim&#8230;<\/h3><div><ul><li><i><\/i>K\u00dcL\u00d6NLEGES FRIZUR\u00c1K minden koroszt\u00e1lynak, egyedi alkalmakra!<\/li><li><i><\/i>BIO hajszerkezet \u00fajj\u00e1\u00e9p\u00edt\u00e9s<\/li><li><i><\/i>Kollag\u00e9n hajkezel\u00e9s<\/li><li>LISSE DESIGN Keratin Ter\u00e1pia<\/li><\/ul><\/div><h3><span style=\"background-color: var(--white-color);\">K\u00dcL\u00d6NLEGES FRIZUR\u00c1K &#8211; minden koroszt\u00e1lynak, egyedi alkalmakra!<\/span><\/h3><p>Legyen sz\u00f3 h\u00e9tk\u00f6znapi eleganci\u00e1r\u00f3l vagy k\u00fcl\u00f6nleges esem\u00e9nyr\u0151l, seg\u00edtek megval\u00f3s\u00edtani az elk\u00e9pzel\u00e9sed!<\/p><p>\u2728 <strong>V\u00e1ltozatos fonatok<\/strong>\u2013 Tart\u00f3s, ak\u00e1r 7-10 napig megmarad\u00f3 frizur\u00e1k. <br \/>\u2728 <strong>Egyedi, r\u00e1csosan gum\u00edrozott frizur\u00e1k<\/strong>\u00a0\u2013 Modern \u00e9s st\u00edlusos megjelen\u00e9s. <br \/>\u2728 <strong>Alkalmi \u00e9s esk\u00fcv\u0151i kontyok<\/strong> \u2013 Az egyszer\u0171 eleganci\u00e1t\u00f3l a d\u00edsz\u00edtett, gy\u00f6ngy\u00f6kkel, tollakkal vagy vir\u00e1gokkal \u00e9kes\u00edtett remekm\u0171vekig.<\/p><p>B\u00e1rmilyen alkalomra \u2013 legyen az esk\u00fcv\u0151, b\u00e1l, fot\u00f3z\u00e1s vagy egy k\u00fcl\u00f6nleges esem\u00e9ny \u2013 elk\u00e9sz\u00edtem a t\u00f6k\u00e9letes frizur\u00e1t, amely kiemeli term\u00e9szetes sz\u00e9ps\u00e9gedet!<\/p><h3><span style=\"background-color: var(--white-color);\">BIO hajszerkezet \u00fajj\u00e1\u00e9p\u00edt\u00e9s<br \/><\/span><\/h3><p class=\"\" data-start=\"77\" data-end=\"316\">\ud83c\udf3f <strong data-start=\"80\" data-end=\"116\">Festett, roncsolt, sz\u00e1raz hajra:<\/strong><br data-start=\"116\" data-end=\"119\" \/>A kezel\u00e9s m\u00e9lyen t\u00e1pl\u00e1lja \u00e9s bel\u00fclr\u0151l er\u0151s\u00edti meg a hajsz\u00e1lakat. A tiszta esszenci\u00e1lis \u00e9des mandulaolaj \u00e9s a Phyto-keratin kit\u00f6lti a s\u00e9r\u00fclt ter\u00fcleteket, visszaadva a haj t\u00f6m\u00f6rs\u00e9g\u00e9t \u00e9s ragyog\u00e1s\u00e1t.<\/p><p class=\"\" data-start=\"318\" data-end=\"560\">\ud83c\udf3f <strong data-start=\"321\" data-end=\"367\">Dauerolt vagy vegyileg egyenes\u00edtett hajra:<\/strong><br data-start=\"367\" data-end=\"370\" \/>Stabiliz\u00e1lja a k\u00e9n-hidakat, n\u00f6veli a haj ellen\u00e1ll\u00e1s\u00e1t \u00e9s rugalmass\u00e1g\u00e1t. A levendulaolaj \u00e9s Phyto-aminosav m\u00e9lyrehat\u00f3an regener\u00e1lja a haj szerkezet\u00e9t, \u00edgy az \u00fajra f\u00e9nyes \u00e9s eg\u00e9szs\u00e9ges lesz.<\/p><p class=\"\" data-start=\"562\" data-end=\"736\">\u2714 <strong data-start=\"564\" data-end=\"604\">Kiz\u00e1r\u00f3lag term\u00e9szetes alapanyagokkal<\/strong><br data-start=\"604\" data-end=\"607\" \/>\u2714 <strong data-start=\"609\" data-end=\"653\">Gyors \u00e9s hat\u00e9kony \u2013 mind\u00f6ssze 30 perc<\/strong><br data-start=\"653\" data-end=\"656\" \/>\u2714 <strong data-start=\"658\" data-end=\"734\">Frizura form\u00e1zott besz\u00e1r\u00edt\u00e1s\u00e1val egy\u00fctt!<\/strong><\/p><h3><span style=\"background-color: var(--white-color);\">Kollag\u00e9n hajkezel\u00e9s<\/span><\/h3><p class=\"\" data-start=\"55\" data-end=\"105\">\u2728 <strong data-start=\"57\" data-end=\"103\">T\u00e1pl\u00e1l\u00e1s \u00e9s er\u0151s\u00edt\u00e9s a hajnak \u00e9s fejb\u0151rnek<\/strong><\/p><p class=\"\" data-start=\"107\" data-end=\"340\">A kollag\u00e9n egy l\u00e9tfontoss\u00e1g\u00fa feh\u00e9rje, amely test\u00fcnk, b\u0151r\u00fcnk \u00e9s hajunk alapvet\u0151 \u00e9p\u00edt\u0151k\u00f6ve. Id\u0151vel \u00e9s k\u00fcls\u0151 hat\u00e1sok miatt mennyis\u00e9ge cs\u00f6kken, ami hajhull\u00e1shoz, sz\u00e1razs\u00e1ghoz \u00e9s t\u00f6redezetts\u00e9ghez vezethet. A kollag\u00e9n p\u00f3tl\u00e1s\u00e1val azonban:<\/p><p class=\"\" data-start=\"342\" data-end=\"571\">\u2714 <strong data-start=\"344\" data-end=\"380\">Meger\u0151s\u00edtheted hajad szerkezet\u00e9t<\/strong><br data-start=\"380\" data-end=\"383\" \/>\u2714 <strong data-start=\"385\" data-end=\"443\">Vissza\u00e1ll\u00edthatod a term\u00e9szetes f\u00e9ny\u00e9t \u00e9s rugalmass\u00e1g\u00e1t<\/strong><br data-start=\"443\" data-end=\"446\" \/>\u2714 <strong data-start=\"448\" data-end=\"508\">Meg\u00f3vhatod a hajhagym\u00e1kat a kisz\u00e1rad\u00e1st\u00f3l \u00e9s sorvad\u00e1st\u00f3l<\/strong><br data-start=\"508\" data-end=\"511\" \/>\u2714 <strong data-start=\"513\" data-end=\"569\">Lass\u00edthatod a haj elv\u00e9konyod\u00e1s\u00e1t \u00e9s a korai \u0151sz\u00fcl\u00e9st<\/strong><\/p><p class=\"\" data-start=\"573\" data-end=\"799\">\ud83d\udca1 <strong data-start=\"576\" data-end=\"595\">Hogyan m\u0171k\u00f6dik?<\/strong><br data-start=\"595\" data-end=\"598\" \/>A kollag\u00e9n m\u00e9lyen behatol a hajsz\u00e1lakba \u00e9s a fejb\u0151rbe, hidrat\u00e1lja \u00e9s t\u00e1pl\u00e1lja a hajhagym\u00e1kat, semleges\u00edti a k\u00e1ros szabad gy\u00f6k\u00f6ket, valamint seg\u00edti a keratin termel\u0151d\u00e9s\u00e9t \u2013 amely hajunk f\u0151 \u00e9p\u00edt\u0151eleme.<\/p><p class=\"\" data-start=\"801\" data-end=\"892\">\ud83d\udc86\u200d\u2640\ufe0f <strong data-start=\"807\" data-end=\"823\">Az eredm\u00e9ny?<\/strong><br data-start=\"823\" data-end=\"826\" \/>D\u00fasabb, eg\u00e9szs\u00e9gesebb, ragyog\u00f3bb haj m\u00e1r az els\u0151 kezel\u00e9sek ut\u00e1n!<\/p><p class=\"\" data-start=\"894\" data-end=\"978\">\ud83d\udc96 <strong data-start=\"897\" data-end=\"978\" data-is-last-node=\"\">V\u00e1laszd a kollag\u00e9n kezel\u00e9st, \u00e9s add meg hajadnak a t\u00f6r\u0151d\u00e9st, amit meg\u00e9rdemel!<\/strong><\/p><h3>LISSE DESIGN Keratin Ter\u00e1pia<\/h3><p class=\"\" data-start=\"69\" data-end=\"262\">A <strong data-start=\"71\" data-end=\"103\">Lisse Design Keratin Ter\u00e1pia<\/strong> nem csup\u00e1n egy hajsim\u00edt\u00f3 kezel\u00e9s, hanem egy <strong data-start=\"148\" data-end=\"182\">intenz\u00edv hajregener\u00e1l\u00f3 elj\u00e1r\u00e1s<\/strong>, amely <strong data-start=\"190\" data-end=\"219\">\u00e9lettel t\u00f6lti meg a hajat<\/strong> a magas keratintartalm\u00e1nak k\u00f6sz\u00f6nhet\u0151en.<\/p><p class=\"\" data-start=\"264\" data-end=\"529\">\ud83d\udd39 <strong data-start=\"267\" data-end=\"298\">Azonnali l\u00e1tv\u00e1nyos eredm\u00e9ny<\/strong><br data-start=\"298\" data-end=\"301\" \/>\ud83d\udd39 <strong data-start=\"304\" data-end=\"344\">Er\u0151s\u00edti a v\u00e9kony sz\u00e1l\u00fa, s\u00e9r\u00fclt hajat<\/strong><br data-start=\"344\" data-end=\"347\" \/>\ud83d\udd39 <strong data-start=\"350\" data-end=\"408\">Regener\u00e1lja a dauerolt, festett, sz\u0151k\u00edtett hajsz\u00e1lakat<\/strong><br data-start=\"408\" data-end=\"411\" \/>\ud83d\udd39 <strong data-start=\"414\" data-end=\"456\">Mell\u00e9khat\u00e1sk\u00e9nt a haj tart\u00f3san kisimul<\/strong><br data-start=\"456\" data-end=\"459\" \/>\ud83d\udd39 <strong data-start=\"462\" data-end=\"527\">A kezel\u00e9s ut\u00e1n a haj moshat\u00f3, gumizhat\u00f3, \u00e9s ak\u00e1r festhet\u0151 is!<\/strong><\/p><p class=\"\" data-start=\"531\" data-end=\"707\">A kezel\u00e9st <strong data-start=\"542\" data-end=\"606\">Made HSE tan\u00fas\u00edtv\u00e1nnyal rendelkez\u0151 laborat\u00f3riumok tesztelt\u00e9k<\/strong> egy amerikai k\u00f6rnyezetv\u00e9delmi szervezettel egy\u00fcttm\u0171k\u00f6dve, \u00edgy garant\u00e1ltan biztons\u00e1gos \u00e9s hat\u00e9kony!<\/p>\t\t\t\t\t\t\t\t<\/div>\n\t\t\t\t<\/div>\n\t\t\t\t\t<\/div>\n\t\t<\/div>\n\t\t\t\t<div class=\"elementor-column elementor-col-50 elementor-inner-column elementor-element elementor-element-7560e0b sidebar-area service\" data-id=\"7560e0b\" data-element_type=\"column\">\n\t\t\t<div class=\"elementor-widget-wrap elementor-element-populated\">\n\t\t\t\t<div class=\"elementor-element elementor-element-95a8c88 e-con-full e-flex e-con e-child\" data-id=\"95a8c88\" data-element_type=\"container\" data-settings=\"{&quot;background_background&quot;:&quot;classic&quot;}\">\n\t\t\t\t<div class=\"elementor-element elementor-element-3fa184c elementor-widget elementor-widget-heading\" data-id=\"3fa184c\" data-element_type=\"widget\" data-widget_type=\"heading.default\">\n\t\t\t\t<div class=\"elementor-widget-container\">\n\t\t\t\t\t<h2 class=\"elementor-heading-title elementor-size-default\">El\u00e9rhet\u0151s\u00e9geink<\/h2>\t\t\t\t<\/div>\n\t\t\t\t<\/div>\n\t\t\t\t<div class=\"elementor-element elementor-element-4311dbd elementor-widget elementor-widget-text-editor\" data-id=\"4311dbd\" data-element_type=\"widget\" data-widget_type=\"text-editor.default\">\n\t\t\t\t<div class=\"elementor-widget-container\">\n\t\t\t\t\t\t\t\t\t<p>K\u00e9rd\u00e9sed lenne? Vagy szeretn\u00e9l id\u0151pontot foglalni?<\/p>\t\t\t\t\t\t\t\t<\/div>\n\t\t\t\t<\/div>\n\t\t<div class=\"elementor-element elementor-element-189440c e-con-full e-flex e-con e-child\" data-id=\"189440c\" data-element_type=\"container\" data-settings=\"{&quot;background_background&quot;:&quot;classic&quot;}\">\n\t\t\t\t<div class=\"elementor-element elementor-element-6c8baa6 elementor-widget elementor-widget-icon-box\" data-id=\"6c8baa6\" data-element_type=\"widget\" data-widget_type=\"icon-box.default\">\n\t\t\t\t<div class=\"elementor-widget-container\">\n\t\t\t\t\t\t\t<div class=\"elementor-icon-box-wrapper\">\n\n\t\t\t\n\t\t\t\t\t\t<div class=\"elementor-icon-box-content\">\n\n\t\t\t\t\t\t\t\t\t<h3 class=\"elementor-icon-box-title\">\n\t\t\t\t\t\t<span  >\n\t\t\t\t\t\t\tC\u00edm\u00fcnk\t\t\t\t\t\t<\/span>\n\t\t\t\t\t<\/h3>\n\t\t\t\t\n\t\t\t\t\t\t\t\t\t<p class=\"elementor-icon-box-description\">\n\t\t\t\t\t\t2132 G\u00f6d, Kisfaludy u. 3.\t\t\t\t\t<\/p>\n\t\t\t\t\n\t\t\t<\/div>\n\t\t\t\n\t\t<\/div>\n\t\t\t\t\t\t<\/div>\n\t\t\t\t<\/div>\n\t\t\t\t<\/div>\n\t\t<div class=\"elementor-element elementor-element-4d73347 e-con-full e-flex e-con e-child\" data-id=\"4d73347\" data-element_type=\"container\" data-settings=\"{&quot;background_background&quot;:&quot;classic&quot;}\">\n\t\t\t\t<div class=\"elementor-element elementor-element-5c9cecf elementor-widget elementor-widget-icon-box\" data-id=\"5c9cecf\" data-element_type=\"widget\" data-widget_type=\"icon-box.default\">\n\t\t\t\t<div class=\"elementor-widget-container\">\n\t\t\t\t\t\t\t<div class=\"elementor-icon-box-wrapper\">\n\n\t\t\t\n\t\t\t\t\t\t<div class=\"elementor-icon-box-content\">\n\n\t\t\t\t\t\t\t\t\t<h3 class=\"elementor-icon-box-title\">\n\t\t\t\t\t\t<span  >\n\t\t\t\t\t\t\tNyitvatart\u00e1s:\t\t\t\t\t\t<\/span>\n\t\t\t\t\t<\/h3>\n\t\t\t\t\n\t\t\t\t\t\t\t\t\t<p class=\"elementor-icon-box-description\">\n\t\t\t\t\t\tH\u00e9tf\u0151t\u0151l-p\u00e9ntekig: <br>\n8:00-19:00 \u00f3r\u00e1ig <br>\n\t\t\t\t\t<\/p>\n\t\t\t\t\n\t\t\t<\/div>\n\t\t\t\n\t\t<\/div>\n\t\t\t\t\t\t<\/div>\n\t\t\t\t<\/div>\n\t\t\t\t<\/div>\n\t\t<div class=\"elementor-element elementor-element-9544d10 e-con-full e-flex e-con e-child\" data-id=\"9544d10\" data-element_type=\"container\" data-settings=\"{&quot;background_background&quot;:&quot;classic&quot;}\">\n\t\t\t\t<div class=\"elementor-element elementor-element-ac1e2ec elementor-widget elementor-widget-icon-box\" data-id=\"ac1e2ec\" data-element_type=\"widget\" data-widget_type=\"icon-box.default\">\n\t\t\t\t<div class=\"elementor-widget-container\">\n\t\t\t\t\t\t\t<div class=\"elementor-icon-box-wrapper\">\n\n\t\t\t\n\t\t\t\t\t\t<div class=\"elementor-icon-box-content\">\n\n\t\t\t\t\t\t\t\t\t<h3 class=\"elementor-icon-box-title\">\n\t\t\t\t\t\t<span  >\n\t\t\t\t\t\t\tKozmetikus:\t\t\t\t\t\t<\/span>\n\t\t\t\t\t<\/h3>\n\t\t\t\t\n\t\t\t\t\t\t\t\t\t<p class=\"elementor-icon-box-description\">\n\t\t\t\t\t\t+36 20 95 53 401 - Kindling T\u00edmea \n\t\t\t\t\t<\/p>\n\t\t\t\t\n\t\t\t<\/div>\n\t\t\t\n\t\t<\/div>\n\t\t\t\t\t\t<\/div>\n\t\t\t\t<\/div>\n\t\t\t\t<\/div>\n\t\t<div class=\"elementor-element elementor-element-aa5f012 e-con-full e-flex e-con e-child\" data-id=\"aa5f012\" data-element_type=\"container\" data-settings=\"{&quot;background_background&quot;:&quot;classic&quot;}\">\n\t\t\t\t<div class=\"elementor-element elementor-element-5ed5a0b elementor-widget elementor-widget-icon-box\" data-id=\"5ed5a0b\" data-element_type=\"widget\" data-widget_type=\"icon-box.default\">\n\t\t\t\t<div class=\"elementor-widget-container\">\n\t\t\t\t\t\t\t<div class=\"elementor-icon-box-wrapper\">\n\n\t\t\t\n\t\t\t\t\t\t<div class=\"elementor-icon-box-content\">\n\n\t\t\t\t\t\t\t\t\t<h3 class=\"elementor-icon-box-title\">\n\t\t\t\t\t\t<span  >\n\t\t\t\t\t\t\tFodr\u00e1szaink:\t\t\t\t\t\t<\/span>\n\t\t\t\t\t<\/h3>\n\t\t\t\t\n\t\t\t\t\t\t\t\t\t<p class=\"elementor-icon-box-description\">\n\t\t\t\t\t\t+36 20 38 73 019 - Kujbus \u00c9va <br>\n+36 20 37 85 834 - Ra\u00e1b G\u00e1bor <br>\n+36 20 28 77 571 - Juh\u00e1sz Judit\t\t\t\t\t<\/p>\n\t\t\t\t\n\t\t\t<\/div>\n\t\t\t\n\t\t<\/div>\n\t\t\t\t\t\t<\/div>\n\t\t\t\t<\/div>\n\t\t\t\t<\/div>\n\t\t<div class=\"elementor-element elementor-element-b82bf09 e-con-full e-flex e-con e-child\" data-id=\"b82bf09\" data-element_type=\"container\" data-settings=\"{&quot;background_background&quot;:&quot;classic&quot;}\">\n\t\t\t\t<div class=\"elementor-element elementor-element-f8d8243 elementor-widget elementor-widget-icon-box\" data-id=\"f8d8243\" data-element_type=\"widget\" data-widget_type=\"icon-box.default\">\n\t\t\t\t<div class=\"elementor-widget-container\">\n\t\t\t\t\t\t\t<div class=\"elementor-icon-box-wrapper\">\n\n\t\t\t\n\t\t\t\t\t\t<div class=\"elementor-icon-box-content\">\n\n\t\t\t\t\t\t\t\t\t<h3 class=\"elementor-icon-box-title\">\n\t\t\t\t\t\t<span  >\n\t\t\t\t\t\t\tMassz\u00e1zs:\t\t\t\t\t\t<\/span>\n\t\t\t\t\t<\/h3>\n\t\t\t\t\n\t\t\t\t\t\t\t\t\t<p class=\"elementor-icon-box-description\">\n\t\t\t\t\t\t+36 30 43 09 010 - Nagy Rita\t\t\t\t\t<\/p>\n\t\t\t\t\n\t\t\t<\/div>\n\t\t\t\n\t\t<\/div>\n\t\t\t\t\t\t<\/div>\n\t\t\t\t<\/div>\n\t\t\t\t<\/div>\n\t\t<div class=\"elementor-element elementor-element-26d024c e-con-full e-flex e-con e-child\" data-id=\"26d024c\" data-element_type=\"container\" data-settings=\"{&quot;background_background&quot;:&quot;classic&quot;}\">\n\t\t\t\t<div class=\"elementor-element elementor-element-68dfc36 elementor-widget elementor-widget-icon-box\" data-id=\"68dfc36\" data-element_type=\"widget\" data-widget_type=\"icon-box.default\">\n\t\t\t\t<div class=\"elementor-widget-container\">\n\t\t\t\t\t\t\t<div class=\"elementor-icon-box-wrapper\">\n\n\t\t\t\n\t\t\t\t\t\t<div class=\"elementor-icon-box-content\">\n\n\t\t\t\t\t\t\t\t\t<h3 class=\"elementor-icon-box-title\">\n\t\t\t\t\t\t<span  >\n\t\t\t\t\t\t\tK\u00e9z\u00e1pol\u00f3 \u00e9s m\u0171k\u00f6r\u00f6m\u00e9p\u00edt\u0151:\t\t\t\t\t\t<\/span>\n\t\t\t\t\t<\/h3>\n\t\t\t\t\n\t\t\t\t\t\t\t\t\t<p class=\"elementor-icon-box-description\">\n\t\t\t\t\t\t+36 20 54 62 313 - Csondor Evelin \t\t\t\t\t<\/p>\n\t\t\t\t\n\t\t\t<\/div>\n\t\t\t\n\t\t<\/div>\n\t\t\t\t\t\t<\/div>\n\t\t\t\t<\/div>\n\t\t\t\t<\/div>\n\t\t\t\t<\/div>\n\t\t\t\t\t<\/div>\n\t\t<\/div>\n\t\t\t\t\t<\/div>\n\t\t<\/section>\n\t\t\t\t\t<\/div>\n\t\t<\/div>\n\t\t\t\t\t<\/div>\n\t\t<\/section>\n\t\t\t\t<\/div>\n\t\t","protected":false},"excerpt":{"rendered":"<p>Kujbus \u00c9va \u2013 Fodr\u00e1szmester 1974-ben sz\u00fclettem, \u00e9s a fodr\u00e1szat ir\u00e1nti elhivatotts\u00e1gomat m\u00e1r fiatalon felfedeztem. 1992-ben, az \u00e9retts\u00e9gi vizsg\u00e1m ut\u00e1n kezdtem el tanulni a szakm\u00e1t, amelynek alapjait Nagy Bertalann\u00e9 Aranykoszor\u00fas Fodr\u00e1szmester mellett saj\u00e1t\u00edtottam el. 2007-ben mestervizsg\u00e1t tettem, \u00e9s az\u00f3ta is folyamatosan fejlesztem tud\u00e1somat, hogy vend\u00e9geim mindig a legjobb szolg\u00e1ltat\u00e1st kapj\u00e1k. 2004 \u00f3ta a Kam\u00e9leon Sz\u00e9ps\u00e9gsziget csapat\u00e1t&#8230;<\/p>\n","protected":false},"author":1,"featured_media":0,"parent":0,"menu_order":0,"comment_status":"closed","ping_status":"closed","template":"template-builder.php","meta":{"inline_featured_image":false,"footnotes":""},"class_list":["post-4007","page","type-page","status-publish","hentry"],"_links":{"self":[{"href":"https:\/\/kameleonszepseg.hu\/index.php\/wp-json\/wp\/v2\/pages\/4007","targetHints":{"allow":["GET"]}}],"collection":[{"href":"https:\/\/kameleonszepseg.hu\/index.php\/wp-json\/wp\/v2\/pages"}],"about":[{"href":"https:\/\/kameleonszepseg.hu\/index.php\/wp-json\/wp\/v2\/types\/page"}],"author":[{"embeddable":true,"href":"https:\/\/kameleonszepseg.hu\/index.php\/wp-json\/wp\/v2\/users\/1"}],"replies":[{"embeddable":true,"href":"https:\/\/kameleonszepseg.hu\/index.php\/wp-json\/wp\/v2\/comments?post=4007"}],"version-history":[{"count":6,"href":"https:\/\/kameleonszepseg.hu\/index.php\/wp-json\/wp\/v2\/pages\/4007\/revisions"}],"predecessor-version":[{"id":4811,"href":"https:\/\/kameleonszepseg.hu\/index.php\/wp-json\/wp\/v2\/pages\/4007\/revisions\/4811"}],"wp:attachment":[{"href":"https:\/\/kameleonszepseg.hu\/index.php\/wp-json\/wp\/v2\/media?parent=4007"}],"curies":[{"name":"wp","href":"https:\/\/api.w.org\/{rel}","templated":true}]}}